62. Let b(v) = -337*v + 35. What is the thousands digit of b(y)?
1
Suppose 4*w = -4*y + 8184, -y + 4738 + 3440 = 4*w. What is the hundreds digit of w?
0
Let r(t) = -52*t**2. Let v be r(2). Let p = 145 + v. Let n = 12 - p. What is the tens digit of n?
7
Let f = 3602 + 1156. Let p = -3154 + f. What is the units digit of p?
4
Let v = -100 + 102. Let b be v/(12/3)*(-2 + 2). Suppose -4*p + 68 = -b*p. What is the units digit of p?
7
Let n(z) = z - 9. Let v be n(15). Suppose -7*f + 6*f = v. What is the units digit of (3 + -1)/((-5)/(285/f))?
9
Let j(m) = m**3 - 5*m**2 + m. Let g be j(5). Suppose -1117 = -6*a + 3*a - g*u, -5*a = 2*u - 1849. What is the hundreds digit of a?
3
What is the thousands digit of ((-9632)/24)/((-6)/63)?
4
Suppose -8*m - 4210 = -10*m - 4*a, -a = -m + 2096. What is the tens digit of m?
9
Suppose -15*g + 20*g = 190. Let m = -46 + g. Let i(a) = 2*a**2 + 10*a - 4. What is the tens digit of i(m)?
4
Suppose -538*g = -489*g - 3124044. What is the ten thousands digit of g?
6
Suppose 5*y = 8*y - 39. Suppose -3*l + 8 = -3*h - y, 0 = h + 3*l - 1. What is the tens digit of 0 - 17*h - -2?
8
Suppose -o - 118 = 50. Let r = 522 + -568. Let x = r - o. What is the units digit of x?
2
Let r(b) be the first derivative of 5 - b**2 + 0*b**3 + 1/4*b**4 + 5*b. What is the units digit of r(0)?
5
Suppose 4*u - 1043 = -q + 23161, -10*u + 5*q + 60570 = 0. What is the units digit of u?
3
Let q(y) = 3*y**2 + 83*y + 7. Let h(r) = -7*r - 71. Let i be h(-6). What is the hundreds digit of q(i)?
1
Let k(o) = -39*o**3 - 7*o**2 - 21*o + 80. What is the hundreds digit of k(-9)?
1
Suppose 629*y - 128814 = 608*y. What is the thousands digit of y?
6
Suppose 14 = q - 15. Suppose -5*w - 5*d - 5 = 0, -2*w - 11 = -3*d - q. Suppose -5*k + 658 = w*t, 0 = t + 4 - 0. What is the units digit of k?
4
Suppose -2*x + 5032 + 938 = 5*r, 2*x - 5962 = -3*r. What is the tens digit of x?
7
Let o(t) = -104*t - 125. Let b be o(-15). Let k = b + -408. What is the hundreds digit of k?
0
Let i be -2 - 14/(-4) - 9460/8. Let c = -408 - i. What is the tens digit of c?
7
What is the units digit of (4/7)/(18 + -17)*119?
8
Let d = 3147 + -2198. What is the tens digit of d?
4
Let a = -1128 + 3061. What is the tens digit of a?
3
Let u(d) = 3*d**2 + 35. Let g be u(-10). Let w = g + -197. What is the tens digit of w?
3
Let r be 68/3 - (-4)/24*2. Suppose 28*m - r*m = 1085. Suppose 4*a - m = 3*a. What is the units digit of a?
7
Let l(w) = 1399*w + 14. Let h be l(-14). What is the tens digit of 1/4 + h/(-112)?
7
Let x(r) = 46*r**2 + 109*r - 12. Let s be x(6). Suppose 4*m = -0*k + 3*k + 4570, 2*m + 5*k = s. What is the tens digit of m?
4
Suppose -7*d + 5*d + 4*y + 30 = 0, 53 = 4*d - y. Suppose -9*i + d*i = 20. Suppose 0 = -i*n + 3*a + 109 + 216, -4*a + 260 = 4*n. What is the units digit of n?
5
Suppose 28 = 20*x - 32. Suppose 0 = 3*p + r - 1529, -3*r + 0 - x = 0. What is the units digit of p?
0
Let g be ((-1002)/(-30) - 4) + 4/(-10). Suppose 5*v - g = -9. Suppose 5*p - 3*k = 104, 17 = 2*p + v*k - 9. What is the units digit of p?
9
Suppose -2*i + 5*w + 129 + 90 = 0, -i + 142 = 4*w. What is the tens digit of i/6*(-4 - -31)?
4
Let f be (-21)/49 + (-51)/(-21). Let r(l) = l**2 - l + 1. Let b(h) = 9*h**3 - 4*h**2 - 2*h + 3. Let q(v) = b(v) + 2*r(v). What is the units digit of q(f)?
1
Suppose 2*x + 2 = -42. Let t = x - -18. Let z(c) = -c + 4. What is the units digit of z(t)?
8
Let n(t) be the second derivative of 3*t**4/2 + 2*t**3 + 25*t**2/2 - 97*t. What is the hundreds digit of n(-6)?
6
Let y(d) = -15*d**2 + d - 1. Let r(l) = l**3 - 3*l**2 - 11*l + 6. Let u be r(5). Let w be y(u). What is the units digit of 5/(14/w - -1)?
5
Let b be 0 + 4*((-2 - 1) + 5). Suppose -1375 = b*t - 19*t. What is the tens digit of t?
2
Suppose b - 8900 = -3*b - 4*u, 8915 = 4*b - u. Suppose -2*f + 1669 = f + 2*c, -4*f - 4*c = -b. What is the hundreds digit of f?
5
Suppose -4*j = 2*f - 26, 5*f - 8*f + 37 = 5*j. Suppose -8*o + f*o = 130. What is the tens digit of o?
3
Let g(w) = -w**3 - 7*w**2 - 5*w + 11. Let b be g(-6). Suppose -1729 - 1250 = -b*s - 2*q, 2390 = 4*s + 5*q. Let d = -338 + s. What is the hundreds digit of d?
2
Suppose 4*f + 20 = 2*q, 8*f = 4*f - 8. Let a(t) = 2*t**3 - 5*t**2 - 9 - t - t**3 + 3*t. What is the units digit of a(q)?
9
Let r = 24393 + -14143. What is the tens digit of r?
5
Let o = 710 - 735. Let q(l) = -2*l + 14. Let d be q(6). What is the hundreds digit of (-21 - o)/((d/56)/1)?
1
Suppose 6*m - 4*v = 3*m + 4, -2*v = 4*m - 20. Let s(p) = -29*p + 153. What is the tens digit of s(m)?
3
Let q(v) = -37*v - 19. Let b = 24 + -22. Suppose 12 = -b*j - j. What is the units digit of q(j)?
9
What is the thousands digit of 2/((21854/(-13107) - (-5)/3)/(-3))?
8
Suppose -196 = 2*c - 9*c. Let g be 1/((-325)/(-1113) + (-8)/c). Let v = g - 92. What is the tens digit of v?
6
Suppose 67*b - 39590 - 161946 = 0. What is the tens digit of b?
0
Let o(k) = -13*k**2 - 9*k - 27. Let j(t) = 7*t**2 + 5*t + 14. Let m(w) = -5*j(w) - 3*o(w). What is the tens digit of m(-3)?
4
Let m be (2/4)/(14/252)*-99. Let o be (-2*(-2)/12)/(27/m). Let d(i) = -12*i - 47. What is the units digit of d(o)?
5
Let f(q) be the first derivative of q**2/2 - 5*q - 1. Let t be f(7). Suppose b = -b + 8, -t*p + 3*b = -174. What is the tens digit of p?
9
Let d(x) = 189*x**3 + 4*x**2 - 12*x - 11. What is the tens digit of d(3)?
9
Let x(y) = 2*y**2 - 13*y - 11. Let z(u) = -2*u**2 + 13*u + 10. Let i(v) = -6*x(v) - 5*z(v). Let q be i(8). What is the tens digit of q/36 - 1444/(-18)?
8
Suppose -19 = -4*p + 33. Suppose 20 = -4*b, 5*b = -2*s - 0*b + p. What is the units digit of (-2)/2*s*-4?
6
Let w(s) = s**2 - 4*s + 62. Let q be w(0). Let m = q + -51. Let k = 26 - m. What is the tens digit of k?
1
Let f be (5/(40/124))/(2/4). Suppose 2*g + q - 25 + 3 = 0, q = -3*g + f. Suppose -3*a + g*a = 990. What is the tens digit of a?
6
Let x = -2911 + 11657. What is the tens digit of x?
4
Let z = 960 - 553. Suppose -z*a = -409*a + 1912. What is the hundreds digit of a?
9
Suppose 4*t + 2*d + 56 = d, -t + 3*d - 14 = 0. Let w be 4/t + 3620/(-70). What is the units digit of w*5*3/(-12)?
5
Let s be (192/18 + -6)/((-4)/(-6)). Let b(q) = 13*q + 85. What is the tens digit of b(s)?
7
Let s(a) = -4*a**2 + 16*a - 17. Let z(r) = -17*r**2 + 49*r - 52. Let l(m) = 17*s(m) - 6*z(m). What is the tens digit of l(-6)?
7
Let p = 21538 - 18901. What is the hundreds digit of p?
6
Let y(n) = -45*n - 20. What is the tens digit of y(-3)?
1
Suppose 0 = 4*h - 16, 0*h = -2*u - 5*h - 56. Let d = -4 - u. Suppose -5*x = -3*n + 10, -4*n + 4*x + d = n. What is the tens digit of n?
1
Let n(r) = 19*r + 4. Let k(o) = -2*o**3 - 2*o**2 - o - 2. Let s be k(-2). Let p be n(s). Suppose 0 = 5*l - 3*l - p. What is the tens digit of l?
7
Let x(f) = 46 + 54*f**2 + 16*f - 6*f - 44. What is the tens digit of x(-4)?
2
Let a(f) = -387*f + 2442. What is the units digit of a(-28)?
8
Suppose 26*l - 1827595 = -81*l + 6*l. What is the units digit of l?
5
Let m(l) = 4*l + 46. Let i be m(-14). Let g be (49 - 1)*(i/4)/5. Let c = 78 + g. What is the units digit of c?
4
Let o(v) = 10668*v**3 - v**2 + 10*v - 10. What is the hundreds digit of o(1)?
6
Let u(m) = 250*m - 29. Let t be u(3). Suppose 0 = -7*z + 357 + t. What is the units digit of z?
4
What is the tens digit of 11273 + (-12 - (3 + -5))?
6
Suppose 4*o + 19133 = 52809. What is the units digit of o?
9
Let o(d) = 14*d**2 - 38*d + 4641. What is the tens digit of o(51)?
1
Let i(h) = h**2 + 14*h + 284. What is the units digit of i(16)?
4
Suppose -3*h - 4*y + 39062 = 6779, 0 = 4*h - 3*y - 43019. What is the hundreds digit of h?
7
What is the tens digit of ((-2354670)/72)/(-27) + 3/(-12)?
1
Let n be 0/2 + (3*78)/1. Suppose -59*q + 61*q - n = 0. Let y = -61 + q. What is the tens digit of y?
5
Suppose 240152 = 4*y + 8*x, y - 7*x + 10*x - 60033 = 0. What is the ten thousands digit of y?
6
Let m(g) = -g**3 - 26*g**2 - 14*g + 90. Let z be m(-28). Let c = -1369 + z. What is the hundreds digit of c?
6
Let y(n) = 4*n - 17. Let z be y(8). Suppose -z = -6*u + 9. Suppose 2*v = u*g + g + 116, 3*g - 12 = 0. What is the units digit of v?
8
Suppose -55*b = 5*x - 59*b - 101757, 0 = 2*x - 2*b - 40704. What is the ten thousands digit of x?
2
Let g = -5274 - -7692. What is the tens digit of g?
1
Suppose -4